54?
6
What is the thousands digit of 265220568?
0
What is the hundred thousands digit of 1091800500?
8
What is the hundred millions digit of 162420321?
1
What is the ten millions digit of 251008511?
5
What is the thousands digit of 189525468?
5
What is the tens digit of 56515289?
8
What is the ten millions digit of 825149840?
2
What is the ten thousands digit of 9277742863?
4
What is the tens digit of 1669170008?
0
What is the units digit of 605138257?
7
What is the hundreds digit of 3136162286?
2
What is the units digit of 1727570886?
6
What is the thousands digit of 356008698?
8
What is the ten millions digit of 54738099?
5
What is the hundred thousands digit of 121429328?
4
What is the millions digit of 40097563?
0
What is the hundred millions digit of 347919012?
3
What is the billions digit of 3622355578?
3
What is the hundred thousands digit of 38174368?
1
What is the tens digit of 33904538?
3
What is the units digit of 85626958?
8
What is the hundred millions digit of 2367978009?
3
What is the tens digit of 1382802836?
3
What is the hundred thousands digit of 675528797?
5
What is the units digit of 5435621466?
6
What is the tens digit of 304052603?
0
What is the millions digit of 869276267?
9
What is the hundreds digit of 3038447975?
9
What is the ten millions digit of 148212301?
4
What is the thousands digit of 820826846?
6
What is the thousands digit of 468213?
8
What is the millions digit of 2101757372?
1
What is the ten millions digit of 182397460?
8
What is the hundreds digit of 18061313?
3
What is the units digit of 2744990269?
9
What is the billions digit of 2066886555?
2
What is the hundred millions digit of 135502889?
1
What is the billions digit of 1636172167?
1
What is the millions digit of 92451297?
2
What is the hundred thousands digit of 72386548?
3
What is the ten millions digit of 47643316?
4
What is the millions digit of 2024285008?
4
What is the tens digit of 29617741?
4
What is the tens digit of 242876276?
7
What is the hundreds digit of 2352882821?
8
What is the ten thousands digit of 980515?
8
What is the thousands digit of 540866465?
6
What is the thousands digit of 152980759?
0
What is the ten millions digit of 2705429968?
0
What is the hundreds digit of 12893182?
1
What is the thousands digit of 7132494?
2
What is the ten millions digit of 266687622?
6
What is the millions digit of 743711647?
3
What is the millions digit of 1723389241?
3
What is the hundreds digit of 218359993?
9
What is the hundred millions digit of 233250471?
2
What is the ten millions digit of 308895159?
0
What is the thousands digit of 21282986?
2
What is the millions digit of 123133907?
3
What is the ten millions digit of 293623965?
9
What is the hundred millions digit of 2971414023?
9
What is the ten thousands digit of 599276070?
7
What is the hundred thousands digit of 133426107?
4
What is the thousands digit of 3125680263?
0
What is the ten millions digit of 51918118?
5
What is the thousands digit of 1805873472?
3
What is the ten thousands digit of 61524051?
2
What is the billions digit of 1805969692?
1
What is the millions digit of 304932577?
4
What is the hundreds digit of 172150777?
7
What is the billions digit of 2970401440?
2
What is the hundred thousands digit of 4128804930?
8
What is the ten thousands digit of 738776327?
7
What is the units digit of 62772532?
2
What is the thousands digit of 56816685?
6
What is the millions digit of 75123915?
5
What is the hundreds digit of 11814276?
2
What is the tens digit of 144076860?
6
What is the hundreds digit of 41642078?
0
What is the thousands digit of 93565702?
5
What is the ten thousands digit of 224236857?
3
What is the hundreds digit of 24214352?
3
What is the tens digit of 4681911768?
6
What is the ten millions digit of 161564812?
6
What is the millions digit of 46368106?
6
What is the hundred thousands digit of 12110822?
1
What is the thousands digit of 1213304530?
4
What is the ten thousands digit of 380950200?
5
What is the ten thousands digit of 6237677?
3
What is the tens digit of 340134559?
5
What is the units digit of 176383905?
5
What is the hundreds digit of 51971031?
0
What is the millions digit of 454202942?
4
What is the millions digit of 412490615?
2
What is the ten millions digit of 158853222?
5
What is the millions digit of 221601874?
1
What is the hundred thousands digit of 73001041?
0
What is the millions digit of 36251487?
6
What is the ten thousands digit of 972125395?
2
What is the ten millions digit of 37252977?
3
What is the tens digit of 3143855413?
1
What is the hundred thousands digit of 27255603?
2
What is the millions digit of 426408023?
6
What is the thousands digit of 2856589147?
9
What is the ten thousands digit of 44450802?
5
What is the tens digit of 6747932?
3
What is the hundred millions digit of 860318150?
8
What is the hundreds digit of 43373841?
8
What is the hundreds digit of 127114453?
4
What is the millions digit of 476667905?
6
What is the ten millions digit of 51268674?
5
What is the thousands digit of 218821162?
1
What is the ten thousands digit of 34835321?
3
What is the units digit of 23452418?
8
What is the hundred thousands digit of 650485335?
4
What is the ten millions digit of 3848462897?
4
What is the hundreds digit of 753095339?
3
What is the hundred thousands digit of 1131303313?
3
What is the hundreds digit of 359980674?
6
What is the units digit of 160514808?
8
What is the ten millions digit of 242237922?
4
What is the hundred millions digit of 1044425341?
0
What is the ten millions digit of 81567348?
8
What is the hundred thousands digit of 2484950088?
9
What is the thousands digit of 162645508?
5
What is the millions digit of 238831092?
8
What is the units digit of 48052178?
8
What is the ten thousands digit of 476834507?
3
What is the millions digit of 8571819?
8
What is the millions digit of 16797872?
6
What is the tens digit of 1345393509?
0
What is the millions digit of 6678559?
6
What is the tens digit of 541489482?
8
What is the units digit of 281629357?
7
What is the hundred thousands digit of 162040407?
0
What is the billions digit of 1123001328?
1
What is the millions digit of 3885706043?
5
What is the ten thousands digit of 30614300?
1
What is the units digit of 949740122?
2
What is the units digit of 277689069?
9
What is the hundred thousands digit of 1390801?
3
What is the ten thousands digit of 5083620571?
2
What is the hundred millions digit of 7806923034?
8
What is the ten thousands digit of 34585728?
8
What is the hundreds digit of 282761360?
3
What is the ten thousands digit of 786343024?
4
What is the tens digit of 44977913?
1
What is the billions digit of 1091057431?
1
What is the hundreds digit of 44072504?
5
What is the tens digit of 297449325?
2
What is the ten thousands digit of 459685661?
8
What is the ten thousands digit of 150231892?
3
What is the millions digit of 2574113773?
4
What is the hundreds digit of 54309139?
1
What is the billions digit of 1060327794?
1
What is the hundred thousands digit of 15993069?
9
What is the ten thousands digit of 1316134739?
3
What is the thousands digit of 6758080443?
0
What is the hundred thousands digit of 982532296?
5
What is the units digit of 3214080?
0
What is the ten thousands digit of 300439470?
3
What is the hundreds digit of 30030430?
4
What is the tens digit of 3902553115?
1
What is the ten thousands digit of 223023484?
2
What is the ten millions digit of 1918214219?
1
What is the hundred thousands digit of 3551328407?
3
What is the hundred thousands digit of 71219775?
2
What is the hundred thousands digit of 516075419?
0
What is the millions digit of 988003089?
8
What is the hundreds digit of 2863048296?
2
What is the ten thousands digit of 2097739787?
3
What is the thousands digit of 379149630?
9
What is the ten millions digit of 6441003199?
4
What is the hundreds digit of 98051118?
1
What is the tens digit of 4059180?
8
What is the ten millions digit of 297605998?
9
What is the billions digit of 1050018663?
1
What is the tens digit of 4147312585?
8
What is the millions digit of 326346940?
6
What is the ten millions digit of 73424879?
7
What is the ten millions digit of 334650385?
3
What is the ten thousands digit of 57895781?
9
What is the hundred th